6*y = -2*y + 3*f + 3, y + f + 2 = 0. Determine r(y).
-2
Let k(q) = q**3 - 2*q**2 + 4*q - 3. Let s be k(2). Let j(o) = 1 - 4 + s - 3*o + 2. Determine j(3).
-5
Let j(x) = x + 7. Suppose 6*u + 22 = -26. Let q = u - -1. Give j(q).
0
Let k(q) = q**2 + 7*q - 8. Let a(d) be the third derivative of d**6/60 - 2*d**5/15 + d**4/24 + 7*d**3/6 + 11*d**2 + 3. Let o be a(3). Give k(o).
0
Let w(i) be the second derivative of -i**3/2 - 19*i**2/2 - 12*i. Let n be w(-7). Let a(j) = -4*j + 5*j**2 - n*j**3 - 1 + 10*j + j**3. Determine a(6).
-1
Let u(m) = 25 + m - 10 - 4*m + 4*m - 19. Calculate u(-6).
-10
Let g(i) = -117*i + 233. Let v(s) = 28*s - 56. Let l(x) = 6*g(x) + 25*v(x). Let a = -2 - -2. Give l(a).
-2
Suppose 224*j - 229*j + 25 = 0. Let n(r) be the first derivative of -4*r - 12 + 1/2*r**2. Calculate n(j).
1
Let k(r) = -27*r**3 - 7*r**2 + 13*r + 1. Let q(d) = 10*d**3 + 2*d**2 - 5*d. Let f(l) = 3*k(l) + 8*q(l). Calculate f(-5).
8
Let m(k) be the first derivative of -k**3/3 + 5*k**2/2 - 2*k - 5. Let c be 5*((-186)/(-12) - 6/(-4)). Let o = c + -81. Calculate m(o).
2
Let x be (5 - 14/4)/((-1)/2). Let p be 2 - (x/(-3) + 2 - 3). Let h(i) = -1 + 16*i**2 - 34*i**2 + 4*i**p. Calculate h(-1).
-15
Let n(l) = 57*l + 2760. Let b(o) = 11*o + 542. Let c(f) = -11*b(f) + 2*n(f). What is c(-64)?
6
Suppose c - 177 = -179. Let l(y) = 3*y**3 + y**2 - 5*y - 7. What is l(c)?
-17
Let p(v) = v**3 + 4*v**2 + 2*v - 1. Let h be 2/((4 - 21/6) + 0). Let g(z) = z + 3. Let l be g(h). Suppose l*b - 33 = 18*b. Give p(b).
2
Let d = -1655 - -1660. Let c(a) = -a**3 + 4*a**2 + 6*a - 2. Let r(g) = -g. Let v(z) = c(z) + 2*r(z). What is v(d)?
-7
Let k(r) be the first derivative of r**4/4 - 7*r**3/3 + 7*r**2/2 - r + 288. Calculate k(4).
-21
Let b(t) = -102171*t**2 - 6 + 1 + 102174*t**2 - 7*t + 0*t. What is b(6)?
61
Suppose -15*r + 6 = -13*r. Let h(v) = -3*v + v - 20 + 23. Give h(r).
-3
Let a be 4 - (2 - 1) - (-9075)/25. Let o = a - 365. Let u(s) = 20*s**3 + s**2 - s. What is u(o)?
20
Let z(n) = -n**3 + 10*n**2 + 25*n - 4. Let d = -8 - -20. Let q be z(d). Let u be q/(-36) + 1/(27/(-75)). Let g(x) = -4*x - 3. What is g(u)?
9
Let n(r) = 10*r - 2. Let u(w) = -15*w + 5. Let o(t) = -47*t + 15. Let l(m) = -4*o(m) + 11*u(m). Let d(b) = -3*l(b) + 7*n(b). Give d(-6).
-5
Let k(p) = -p**3 - 4*p**2 + 2. Suppose 2*h - 10 = 0, 0 = -2*s - 5*h - 0*h + 29. Suppose 8*b + 6 + s = 0. Let j be b - (2 + -4) - 4. Determine k(j).
-7
Suppose -226 = -8*m + 86. Let t = m + -35. Let p(v) = -4*v + t*v - 5 + v + v. Determine p(-5).
-15
Let y(w) = 102*w**2 - 6*w + 6. Let u be y(1). Suppose -26 = 4*h - u. Let l(c) = c**3 - 20*c**2 + 19*c + 6. What is l(h)?
6
Let n be ((-5)/(100/(-56)))/(1/(-5)). Let z be 6/(-9)*1*6 + n. Let q be 5 + 0 + (-20 - z). Let x(h) = -h**2 + 4*h + 1. Calculate x(q).
4
Let n be 4 - (60/(-1))/(-1). Let m = n - -61. Let v(r) be the third derivative of r**5/60 - 5*r**4/24 - r**3/2 + 72*r**2. Determine v(m).
-3
Let k(m) = 9*m**2. Let d(u) be the third derivative of 5*u**4/24 + 49*u**3/6 + 3*u**2 + 7*u. Let b be d(-10). Calculate k(b).
9
Let v(o) = 3*o - 5. Let s(p) = p - 1. Suppose -12 = 4*c + m, 0 = -7*m + 6*m + 4. Let y(l) = c*s(l) + v(l). Determine y(5).
-6
Suppose -69 = 28*g - 68 + 167. Let b(j) = -j**2 - 7*j - 9. Determine b(g).
-3
Suppose -30 = -11*z + 6*z. Let w(s) = 0*s + 10 + s - z. Let v(o) = o**2 + 4*o - 56. Let n be v(6). Calculate w(n).
8
Let c be (16 - 5) + -5 + -2 - 172. Let t be c/30 - 2/5. Let i(r) = r**3 + 6*r**2 - 8*r - 3. Give i(t).
45
Let d(r) = 113*r**3 - 36*r**2 + 29*r + 2. Let p(m) = -57*m**3 + 14*m**2 - 12*m - 1. Let a(w) = -2*d(w) - 5*p(w). What is a(-1)?
-58
Let n(q) = -3*q**3 + 14*q**2 - 9*q + 1. Let o be n(4). Let j(y) be the first derivative of y**3/3 + 2*y**2 + 4*y - 30. Determine j(o).
1
Let o(r) = 4*r**2 - r. Let i be o(-1). Let u(w) = 64*w + 524. Let y(q) = 15*q + 124. Let p(n) = 4*u(n) - 17*y(n). Give p(i).
-7
Let t(y) = -y**3 - 18*y**2 + 14*y - 103. Suppose 2*p = o + 5*p + 1, 0 = o + 5*p - 11. What is t(o)?
-8
Let l(g) be the third derivative of -g**7/2520 + g**6/120 - g**5/120 + 145*g**4/12 + 132*g**2. Let z(o) be the second derivative of l(o). Calculate z(3).
8
Let d(y) be the second derivative of -y**5/20 + 3*y**4/4 + 2*y**3 + 2*y**2 + 30*y. Give d(10).
24
Let v(h) be the second derivative of h**5/60 + h**4/6 - h**3/6 - 5*h**2 + 3*h. Let k(f) be the first derivative of v(f). Let x be 2/(5 - 11/2). Determine k(x).
-1
Let w = 311 - 290. Let h(k) = -7*k + 10 - 14*k**2 - w*k**2 + 36*k**2. Suppose 11 = 2*a - 3. Determine h(a).
10
Let u be (12/(-54))/(-1) + 50/18. Let b(z) = -u*z - 1 + 11 + z. What is b(7)?
-4
Let c(w) = -474*w**3 - w + 475*w**3 + w**2 + 3 + 6. Let a be (-1)/(-2)*0*1/2. What is c(a)?
9
Let d(h) = -19*h**2 - 249*h - 23. Let p be d(-13). Let k(v) = -v**2 - 5*v + 7. Give k(p).
-17
Let c = 2594 - 2589. Let w(s) = s**2 - 17*s + 66. Determine w(c).
6
Let q(b) = -11*b**3 - 53*b**2 + 6*b - 1. Let s(d) = 2*d**3 + 10*d**2 - 1. Let l(j) = q(j) + 6*s(j). Give l(-5).
13
Let i be (-13)/(-26)*4*1. Suppose -7*k = 3*m - 2*k - 50, 0 = -m + 3*k - i. Let d(t) = m*t - 4 + 12*t - 20*t. What is d(4)?
4
Let d(z) = -z - 1. Let b = 31 + -28. Let x be (-2 - (-6)/4)*b*-42. Let c = -61 + x. Give d(c).
-3
Let n be (36/6 + -6)*(-2)/(-2). Let j(q) = -2*q - 42. Let z be j(n). Let i = z + 49. Let c(f) = -f**3 + 8*f**2 - 10*f + 10. What is c(i)?
-11
Let v(c) = 57 + c**2 - 27 - 39 + 4*c + 5*c - 101. Calculate v(7).
2
Let o be (-2)/6 + 56/6. Let j(s) = 11 - 3 + 3 + 4 - s - 11. Determine j(o).
-5
Let w(l) be the first derivative of 5*l**2/2 - 7*l + 80914. Suppose 0 = -6*g + 2*g + 12. Determine w(g).
8
Let a(x) = -x**3 - 7*x**2 + 19*x + 18. Let l be a(-9). Suppose z - l = -r, -z - r - 9 = -3*z. Let d(s) = -2 + 2*s**3 - 3 + z*s**2 + s + 5*s - 3*s**3. Give d(7).
-12
Let h(u) be the third derivative of -u**4/24 - u**3/6 + 31*u**2. Let c be (4 + -5 - -2)*(-28)/1. Let w = -28 - c. Determine h(w).
-1
Let m(u) = 4*u + 10. Let k(a) be the second derivative of 5*a**3/6 + 5*a**2 - 12*a + 3. Let r(x) = 2*k(x) - 3*m(x). Give r(-8).
6
Let v = -3 - -8. Let x(b) = -v*b + 7*b**2 - b**3 + 52 - 102 + 2*b**3 + 60. Give x(-8).
-14
Suppose 3*v - 56 = -m - 40, -8 = -2*v - 2*m. Let o(p) = -p**2 + 0 + 3 + 2*p + 4*p + 2*p. What is o(v)?
15
Let d = 388 + -344. Let q(y) = -d*y - 5*y**2 - 3 + 73*y - 35*y + 4*y**2. Let h be 2/3*(-1 + -8). Calculate q(h).
-3
Let k(a) be the third derivative of a**5/15 - a**4/4 - a**3/6 + 71*a**2. Let o(f) = -15*f**2 + 26*f + 5. Let p(b) = 9*k(b) + 2*o(b). Calculate p(2).
21
Let x = 5649 + -5644. Let w(l) = -l + 11. Determine w(x).
6
Let q(p) = 19*p**3 + 68*p**2 - 82*p + 189. Let a(m) = 7*m**3 + 22*m**2 - 27*m + 63. Let k(j) = 11*a(j) - 4*q(j). Give k(29).
-5
Let q(w) = -w**3 - 39*w**2 - 16*w + 816. Let d be q(-38). Let z(o) = 5*o + 81. What is z(d)?
-19
Let n(j) = -62*j - 5. Let s = -4969 - -4971. Give n(s).
-129
Let s(l) = 8*l**3 - 10*l**2 - 6. Let a(q) = 10*q**3 - 12*q**2 - 7. Let k(x) = -5*a(x) + 6*s(x). Determine k(2).
-17
Let p(j) be the third derivative of j**3 + 7/24*j**4 + 0 + 0*j - 1/20*j**5 - 19*j**2 - 1/120*j**6. Let x = 5 + -9. Give p(x).
-6
Let c(k) be the second derivative of k**4/12 - 6*k**3 - 20*k**2 + 7465*k. Give c(37).
-3
Let r(j) be the second derivative of 0 + 8/3*j**3 - 5/12*j**4 + 0*j**2 + 5*j + 1/120*j**5. Let b(n) be the second derivative of r(n). Determine b(6).
-4
Let g(v) = -17*v**2 - 1457 + v**3 + 3*v + 30*v**2 + 1443. Determine g(-13).
-53
Let i(t) = 10*t - 42. Let y(h) = -27*h + 120. Let x(s) = 8*i(s) + 3*y(s). Give x(12).
12
Let c(u) be the third derivative of -11*u**4/24 - 5*u**2 + u + 36. Let q(t) = -t - 4. Let z be q(-3). Calculate c(z).
11
Let r(t) = -t**2 - 3*t. Let h be (-5 - (-5 + 2))/((-2)/82). Let c be h/16 - 2/16. Suppose -4*z + c*n = 6, -5*n = -2*z - n. Calculate r(z).
-4
Let p(q) = 3*q**2 + 6*q - 79. Let c(h) = -3*h**2 - 2*h + 50. Let v(g) = 3*c(g) + 2*p(g). Calculate v(5).
-53
Let s(t) = t**2 + 10*t + 13. Let l be s(-9). Suppose -3*x - 10 - 26 = 3*z, l*z = 2*x. Let f(q) = q + 5. What is f(x)?
-3
Let s(u) = -16*u**2 + 3*u - 5. Let o(w) = 7*w**2 - w + 2. Let t = -120 + 111. Let m(n) = t*o(n) - 4*s(n). What is m(4)?
6
Let x(k) = -2*k**2 - 5*k - 3. Let a be 19 - 14 - ((-7)/(-1) - -6). Determine x(a).
-91
Suppose -6*t = -5*t - 2. Let l be (-7)/(-189)*-